{"id":79,"date":"2018-02-10T10:53:47","date_gmt":"2018-02-10T10:53:47","guid":{"rendered":"http:\/\/bipedosimplumes.com\/?page_id=79"},"modified":"2023-11-14T12:18:02","modified_gmt":"2023-11-14T12:18:02","slug":"sobre-mi","status":"publish","type":"page","link":"https:\/\/bipedosimplumes.com\/index.php\/sobre-mi\/","title":{"rendered":"SOBRE M\u00cd"},"content":{"rendered":"<figure id=\"attachment_108\" aria-describedby=\"caption-attachment-108\" style=\"width: 780px\" class=\"wp-caption aligncenter\"><img loading=\"lazy\" class=\"wp-image-108 size-full\" title=\"Teo y Tina\" src=\"http:\/\/bipedosimplumes.com\/wp-content\/uploads\/2018\/02\/TEOTINA2.png\" alt=\"\" width=\"780\" height=\"782\" srcset=\"https:\/\/bipedosimplumes.com\/wp-content\/uploads\/2018\/02\/TEOTINA2.png 780w, https:\/\/bipedosimplumes.com\/wp-content\/uploads\/2018\/02\/TEOTINA2-150x150.png 150w, https:\/\/bipedosimplumes.com\/wp-content\/uploads\/2018\/02\/TEOTINA2-300x300.png 300w, https:\/\/bipedosimplumes.com\/wp-content\/uploads\/2018\/02\/TEOTINA2-768x770.png 768w\" sizes=\"(max-width: 780px) 100vw, 780px\" \/><figcaption id=\"caption-attachment-108\" class=\"wp-caption-text\">Teo y Tina<\/figcaption><\/figure>\n<p>\u201cLarvatus prodeo\u201d, al m\u00e1s puro estilo cartesiano. No me gusta dejar pistas sobre m\u00ed. Prefiero que imagines libremente. Adem\u00e1s, lo importante para m\u00ed en estos momentos es el QU\u00c9, no el qui\u00e9n .<\/p>\n<p style=\"text-align: justify;\">Lo s\u00e9, lo s\u00e9, dir\u00e1s algo como: \u201cSi en el apartado sobre t\u00ed te limitas a decir esto, no me entero de nada\u201d. Te responder\u00e9: justamente eso quer\u00eda decir.<\/p>\n<p>No obstante, me presento con este peque\u00f1o ejercicio, esperando que te guste.<\/p>\n\n\n<p><\/p>\n","protected":false},"excerpt":{"rendered":"<p>\u201cLarvatus prodeo\u201d, al m\u00e1s puro estilo cartesiano. No me gusta dejar pistas sobre m\u00ed. Prefiero que imagines libremente. Adem\u00e1s, lo importante para m\u00ed en estos momentos es el QU\u00c9, no el qui\u00e9n . Lo s\u00e9, lo s\u00e9, dir\u00e1s algo como: \u201cSi en el apartado sobre t\u00ed te limitas a decir esto, no me entero de &hellip; <a href=\"https:\/\/bipedosimplumes.com\/index.php\/sobre-mi\/\" class=\"more-link\">Seguir leyendo <span class=\"screen-reader-text\">SOBRE M\u00cd<\/span> <span class=\"meta-nav\">&rarr;<\/span><\/a><\/p>\n","protected":false},"author":1,"featured_media":0,"parent":0,"menu_order":0,"comment_status":"closed","ping_status":"closed","template":"","meta":[],"_links":{"self":[{"href":"https:\/\/bipedosimplumes.com\/index.php\/wp-json\/wp\/v2\/pages\/79"}],"collection":[{"href":"https:\/\/bipedosimplumes.com\/index.php\/wp-json\/wp\/v2\/pages"}],"about":[{"href":"https:\/\/bipedosimplumes.com\/index.php\/wp-json\/wp\/v2\/types\/page"}],"author":[{"embeddable":true,"href":"https:\/\/bipedosimplumes.com\/index.php\/wp-json\/wp\/v2\/users\/1"}],"replies":[{"embeddable":true,"href":"https:\/\/bipedosimplumes.com\/index.php\/wp-json\/wp\/v2\/comments?post=79"}],"version-history":[{"count":10,"href":"https:\/\/bipedosimplumes.com\/index.php\/wp-json\/wp\/v2\/pages\/79\/revisions"}],"predecessor-version":[{"id":532,"href":"https:\/\/bipedosimplumes.com\/index.php\/wp-json\/wp\/v2\/pages\/79\/revisions\/532"}],"wp:attachment":[{"href":"https:\/\/bipedosimplumes.com\/index.php\/wp-json\/wp\/v2\/media?parent=79"}],"curies":[{"name":"wp","href":"https:\/\/api.w.org\/{rel}","templated":true}]}}